{"id":355,"date":"2016-10-04T09:14:45","date_gmt":"2016-10-04T07:14:45","guid":{"rendered":"http:\/\/eloge.net\/?page_id=355"},"modified":"2020-02-29T07:35:32","modified_gmt":"2020-02-29T06:35:32","slug":"rh-formation","status":"publish","type":"page","link":"https:\/\/eloge.net\/index.php\/ressources-humaines-rh\/ressources-humaines\/rh-formation\/","title":{"rendered":"Formation Professionnelle"},"content":{"rendered":"<h2 style=\"text-align: center;\">FORMATION PROFESSIONNELLE DU SALARIE<\/h2>\n<p>L&#8217;employeur doit veiller \u00e0 l&#8217;employabilit\u00e9 de ses salari\u00e9s, ce qui signifie qu&rsquo;il doit, en permanence les faire \u00e9voluer et notamment au travers de formations qui peuvent se d\u00e9rouler en interne ou en externe.<\/p>\n<p>L&rsquo;arsenal l\u00e9gislatif, en constante \u00e9volution, sur le sujet de la formation professionnelle ne permet pas de fournir une information exhaustive sur ce domaine.<\/p>\n<p>Nous vous sugg\u00e9rons de consulter le site du Minist\u00e8re qui se trouve ci-dessous.<\/p>\n<p>Formation professionnelle : le <a href=\"https:\/\/travail-emploi.gouv.fr\/formation-professionnelle\/\">site<\/a> du Minist\u00e8re du Travail et de l&rsquo;Emploi<\/p>\n<blockquote><p>Quelles que soient la forme et la dur\u00e9e de son contrat de travail, le salari\u00e9 peut se former en tout ou partie pendant le temps de travail. <br class=\"autobr\" \/>Le statut du salari\u00e9 pendant la formation \u2013 c\u2019est-\u00e0-dire sa r\u00e9mun\u00e9ration, sa protection sociale, ses obligations \u00e0 l\u2019\u00e9gard de l\u2019employeur ou encore le mode de prise en charge des co\u00fbts de la formation \u2013 d\u00e9pend du cadre juridique dans lequel il se trouve\u00a0: <a class=\"spip_in\" href=\"http:\/\/travail-emploi.gouv.fr\/formation-professionnelle\/formation-professionnelle-des-salaries\/article\/le-plan-de-formation\">plan de formation de l\u2019entreprise<\/a>, <a class=\"spip_in\" href=\"http:\/\/travail-emploi.gouv.fr\/formation-professionnelle\/formation-professionnelle-des-salaries\/article\/le-conge-individuel-de-formation-cif\">cong\u00e9 individuel de formation (CIF)<\/a>, mobilisation du <a class=\"spip_out external\" title=\"compte personnel de formation (CPF) (nouvelle fen\u00eatre)\" href=\"http:\/\/www.moncompteformation.gouv.fr\/\" target=\"_blank\" rel=\"external noopener noreferrer\">compte personnel de formation (CPF)<\/a>, <a class=\"spip_in\" href=\"http:\/\/travail-emploi.gouv.fr\/formation-professionnelle\/formation-professionnelle-des-salaries\/article\/la-validation-des-acquis-de-l-experience-vae\">validation des acquis de l\u2019exp\u00e9rience (VAE)<\/a>, <a class=\"spip_in\" href=\"http:\/\/travail-emploi.gouv.fr\/emploi\/maintien-dans-l-emploi\/article\/la-periode-de-professionnalisation\">p\u00e9riodes de professionnalisation<\/a>, etc.<\/p>\n<h3>CPF compte personnel de formation<\/h3>\n<p>Cr\u00e9\u00e9 par la loi n\u00b0\u00a0288-2014 du 5 mars 2014 relative \u00e0 la formation professionnelle, \u00e0 l\u2019emploi et \u00e0 la d\u00e9mocratie sociale, le compte personnel de formation (CPF) permet \u00e0 toute personne active, d\u00e8s son entr\u00e9e sur le march\u00e9 du travail et jusqu\u2019\u00e0 sa retraite, d\u2019acqu\u00e9rir des droits \u00e0 la formation mobilisables tout au long de sa vie professionnelle. L\u2019ambition du CPF est de contribuer, \u00e0 l\u2019initiative de la personne elle-m\u00eame, au maintien de l\u2019employabilit\u00e9 et \u00e0 la s\u00e9curisation du parcours professionnel.<\/p>\n<h3 style=\"text-align: left;\">P\u00e9riode de Professionnalisation<\/h3>\n<p>La p\u00e9riode de professionnalisation vise \u00e0 favoriser l\u2019\u00e9volution professionnelle et le maintien dans l\u2019emploi des salari\u00e9s au travers d\u2019un parcours de formation individualis\u00e9 alternant enseignements th\u00e9oriques et activit\u00e9 professionnelle. Cette formation peut se d\u00e9rouler pendant ou en dehors du temps de travail. Elle peut intervenir pour abonder le compte personnel de formation.<br class=\"autobr\" \/>Pendant cette p\u00e9riode, le salari\u00e9 est r\u00e9mun\u00e9r\u00e9 normalement ou per\u00e7oit une allocation de formation \u00e9gale \u00e0 50\u00a0% de son salaire si les actions de formation professionnelle se d\u00e9roulent hors temps de travail.<\/p>\n<h3>VAE<\/h3>\n<p>La Validation des Acquis de l\u2019Exp\u00e9rience (VAE) permet d\u2019obtenir une certification sur la base d\u2019une exp\u00e9rience professionnelle apr\u00e8s validation par un jury des connaissances et des comp\u00e9tences acquises. La certification \u2013 qui peut \u00eatre un dipl\u00f4me, un titre \u00e0 finalit\u00e9 professionnelle ou un certificat de qualification professionnelle doit \u00eatre <strong>inscrite au R\u00e9pertoire national des certifications professionnelles (RNCP).<\/strong> <br class=\"autobr\" \/>Il n\u2019est pas n\u00e9cessaire de suivre un parcours de formation.<\/p>\n<p>CIF<\/p>\n<p>Le cong\u00e9 individuel de formation (CIF) est le droit de s\u2019absenter de son poste de travail pour suivre une formation de son choix. Pour en b\u00e9n\u00e9ficier, le salari\u00e9 doit remplir certaines conditions et pr\u00e9senter sa demande \u00e0 l\u2019employeur, selon une proc\u00e9dure d\u00e9termin\u00e9e.<\/p><\/blockquote>\n<p>Voir le<a href=\"http:\/\/www.agefos-pme-iledefrance.org\/la-lettre\/ile-de-france-outils-en-ligne.php\"> site de l&rsquo;Agefos Pme Idf<\/a><\/p>\n<div id='share-me'><ul class='share-left'><li><a href=\"http:\/\/www.facebook.com\/sharer.php?u=https:\/\/eloge.net\/index.php\/ressources-humaines-rh\/ressources-humaines\/rh-formation\/&t=Formation+Professionnelle\" alt=\"Share on Facebook\" title=\"Share on Facebook\"   onclick=\"return smWindowpop(this.href,545,433)\"><img alt = \"\" src = \"https:\/\/eloge.net\/wp-content\/plugins\/share-me\/\/assets\/images\/simple\/facebook.png\"  height=\"32px\"  width=\"32px\"><\/a><\/li><li><a href=\"https:\/\/plusone.google.com\/_\/+1\/confirm?hl=fr-FR&url=https:\/\/eloge.net\/index.php\/ressources-humaines-rh\/ressources-humaines\/rh-formation\/\" alt=\"Share on Google+\" title=\"Share on Google+\"  target=\"_blank\" onclick=\"return smWindowpop(this.href,545,433)\"><img alt = \"\" src = \"https:\/\/eloge.net\/wp-content\/plugins\/share-me\/\/assets\/images\/simple\/googleplus.png\"  height=\"32px\"  width=\"32px\"><\/a><\/li><li><a href=\"http:\/\/www.linkedin.com\/shareArticle?mini=true&url=https:\/\/eloge.net\/index.php\/ressources-humaines-rh\/ressources-humaines\/rh-formation\/&title=Formation+Professionnelle&source=E-loge\" onclick=\"return smWindowpop(this.href, 545,433)\"><img alt = \"\" src = \"https:\/\/eloge.net\/wp-content\/plugins\/share-me\/\/assets\/images\/simple\/linkedin.png\"  height=\"32px\"  width=\"32px\"><\/a><\/li><\/ul><\/div><br\/>","protected":false},"excerpt":{"rendered":"<p>FORMATION PROFESSIONNELLE DU SALARIE L&#8217;employeur doit veiller \u00e0 l&#8217;employabilit\u00e9 de ses salari\u00e9s, ce qui signifie qu&rsquo;il doit, en permanence les faire \u00e9voluer et notamment au travers de formations qui peuvent se d\u00e9rouler en interne ou en externe. L&rsquo;arsenal l\u00e9gislatif, en constante \u00e9volution, sur le sujet de la formation professionnelle ne &hellip; <a class=\"continue-reading-link\" href=\"https:\/\/eloge.net\/index.php\/ressources-humaines-rh\/ressources-humaines\/rh-formation\/\"> Continue reading <span class=\"meta-nav\">&rarr; <\/span><\/a><\/p>\n","protected":false},"author":1,"featured_media":0,"parent":15,"menu_order":0,"comment_status":"closed","ping_status":"closed","template":"","meta":[],"_links":{"self":[{"href":"https:\/\/eloge.net\/index.php\/wp-json\/wp\/v2\/pages\/355"}],"collection":[{"href":"https:\/\/eloge.net\/index.php\/wp-json\/wp\/v2\/pages"}],"about":[{"href":"https:\/\/eloge.net\/index.php\/wp-json\/wp\/v2\/types\/page"}],"author":[{"embeddable":true,"href":"https:\/\/eloge.net\/index.php\/wp-json\/wp\/v2\/users\/1"}],"replies":[{"embeddable":true,"href":"https:\/\/eloge.net\/index.php\/wp-json\/wp\/v2\/comments?post=355"}],"version-history":[{"count":10,"href":"https:\/\/eloge.net\/index.php\/wp-json\/wp\/v2\/pages\/355\/revisions"}],"predecessor-version":[{"id":948,"href":"https:\/\/eloge.net\/index.php\/wp-json\/wp\/v2\/pages\/355\/revisions\/948"}],"up":[{"embeddable":true,"href":"https:\/\/eloge.net\/index.php\/wp-json\/wp\/v2\/pages\/15"}],"wp:attachment":[{"href":"https:\/\/eloge.net\/index.php\/wp-json\/wp\/v2\/media?parent=355"}],"curies":[{"name":"wp","href":"https:\/\/api.w.org\/{rel}","templated":true}]}}

<h2 style="text-align: center;">FORMATION PROFESSIONNELLE DU SALARIE</h2>
<p>L&#8217;employeur doit veiller à l&#8217;employabilité de ses salariés, ce qui signifie qu&rsquo;il doit, en permanence les faire évoluer et notamment au travers de formations qui peuvent se dérouler en interne ou en externe.</p>
<p>L&rsquo;arsenal législatif, en constante évolution, sur le sujet de la formation professionnelle ne permet pas de fournir une information exhaustive sur ce domaine.</p>
<p>Nous vous suggérons de consulter le site du Ministère qui se trouve ci-dessous.</p>
<p>Formation professionnelle : le <a href="https://travail-emploi.gouv.fr/formation-professionnelle/">site</a> du Ministère du Travail et de l&rsquo;Emploi</p>
<blockquote><p>Quelles que soient la forme et la durée de son contrat de travail, le salarié peut se former en tout ou partie pendant le temps de travail. <br class="autobr" />Le statut du salarié pendant la formation – c’est-à-dire sa rémunération, sa protection sociale, ses obligations à l’égard de l’employeur ou encore le mode de prise en charge des coûts de la formation – dépend du cadre juridique dans lequel il se trouve : <a class="spip_in" href="http://travail-emploi.gouv.fr/formation-professionnelle/formation-professionnelle-des-salaries/article/le-plan-de-formation">plan de formation de l’entreprise</a>, <a class="spip_in" href="http://travail-emploi.gouv.fr/formation-professionnelle/formation-professionnelle-des-salaries/article/le-conge-individuel-de-formation-cif">congé individuel de formation (CIF)</a>, mobilisation du <a class="spip_out external" title="compte personnel de formation (CPF) (nouvelle fenêtre)" href="http://www.moncompteformation.gouv.fr/" target="_blank" rel="external noopener noreferrer">compte personnel de formation (CPF)</a>, <a class="spip_in" href="http://travail-emploi.gouv.fr/formation-professionnelle/formation-professionnelle-des-salaries/article/la-validation-des-acquis-de-l-experience-vae">validation des acquis de l’expérience (VAE)</a>, <a class="spip_in" href="http://travail-emploi.gouv.fr/emploi/maintien-dans-l-emploi/article/la-periode-de-professionnalisation">périodes de professionnalisation</a>, etc.</p>
<h3>CPF compte personnel de formation</h3>
<p>Créé par la loi n° 288-2014 du 5 mars 2014 relative à la formation professionnelle, à l’emploi et à la démocratie sociale, le compte personnel de formation (CPF) permet à toute personne active, dès son entrée sur le marché du travail et jusqu’à sa retraite, d’acquérir des droits à la formation mobilisables tout au long de sa vie professionnelle. L’ambition du CPF est de contribuer, à l’initiative de la personne elle-même, au maintien de l’employabilité et à la sécurisation du parcours professionnel.</p>
<h3 style="text-align: left;">Période de Professionnalisation</h3>
<p>La période de professionnalisation vise à favoriser l’évolution professionnelle et le maintien dans l’emploi des salariés au travers d’un parcours de formation individualisé alternant enseignements théoriques et activité professionnelle. Cette formation peut se dérouler pendant ou en dehors du temps de travail. Elle peut intervenir pour abonder le compte personnel de formation.<br class="autobr" />Pendant cette période, le salarié est rémunéré normalement ou perçoit une allocation de formation égale à 50 % de son salaire si les actions de formation professionnelle se déroulent hors temps de travail.</p>
<h3>VAE</h3>
<p>La Validation des Acquis de l’Expérience (VAE) permet d’obtenir une certification sur la base d’une expérience professionnelle après validation par un jury des connaissances et des compétences acquises. La certification – qui peut être un diplôme, un titre à finalité professionnelle ou un certificat de qualification professionnelle doit être <strong>inscrite au Répertoire national des certifications professionnelles (RNCP).</strong> <br class="autobr" />Il n’est pas nécessaire de suivre un parcours de formation.</p>
<p>CIF</p>
<p>Le congé individuel de formation (CIF) est le droit de s’absenter de son poste de travail pour suivre une formation de son choix. Pour en bénéficier, le salarié doit remplir certaines conditions et présenter sa demande à l’employeur, selon une procédure déterminée.</p></blockquote>
<p>Voir le<a href="http://www.agefos-pme-iledefrance.org/la-lettre/ile-de-france-outils-en-ligne.php"> site de l&rsquo;Agefos Pme Idf</a></p>
<div id='share-me'><ul class='share-left'><li><a href="http://www.facebook.com/sharer.php?u=https://eloge.net/index.php/ressources-humaines-rh/ressources-humaines/rh-formation/&t=Formation+Professionnelle" alt="Share on Facebook" title="Share on Facebook"   onclick="return smWindowpop(this.href,545,433)"><img alt = "" src = "https://eloge.net/wp-content/plugins/share-me//assets/images/simple/facebook.png"  height="32px"  width="32px"></a></li><li><a href="https://plusone.google.com/_/+1/confirm?hl=fr-FR&url=https://eloge.net/index.php/ressources-humaines-rh/ressources-humaines/rh-formation/" alt="Share on Google+" title="Share on Google+"  target="_blank" onclick="return smWindowpop(this.href,545,433)"><img alt = "" src = "https://eloge.net/wp-content/plugins/share-me//assets/images/simple/googleplus.png"  height="32px"  width="32px"></a></li><li><a href="http://www.linkedin.com/shareArticle?mini=true&url=https://eloge.net/index.php/ressources-humaines-rh/ressources-humaines/rh-formation/&title=Formation+Professionnelle&source=E-loge" onclick="return smWindowpop(this.href, 545,433)"><img alt = "" src = "https://eloge.net/wp-content/plugins/share-me//assets/images/simple/linkedin.png"  height="32px"  width="32px"></a></li></ul></div><br/>

<p>FORMATION PROFESSIONNELLE DU SALARIE L&#8217;employeur doit veiller à l&#8217;employabilité de ses salariés, ce qui signifie qu&rsquo;il doit, en permanence les faire évoluer et notamment au travers de formations qui peuvent se dérouler en interne ou en externe. L&rsquo;arsenal législatif, en constante évolution, sur le sujet de la formation professionnelle ne &hellip; <a class="continue-reading-link" href="https://eloge.net/index.php/ressources-humaines-rh/ressources-humaines/rh-formation/"> Continue reading <span class="meta-nav">&rarr; </span></a></p>
