{"id":39,"date":"2016-09-22T14:25:22","date_gmt":"2016-09-22T12:25:22","guid":{"rendered":"http:\/\/eloge.net\/?page_id=39"},"modified":"2019-12-11T18:55:01","modified_gmt":"2019-12-11T17:55:01","slug":"assistance-dirigeant","status":"publish","type":"page","link":"https:\/\/eloge.net\/index.php\/assistance-dirigeant\/","title":{"rendered":"ACCOMPAGNEMENT DIRIGEANT"},"content":{"rendered":"<h2><\/h2>\n<h2>PERMETTRE AU DIRIGEANT DE SE CONSACRER A SON METIER<a href=\"https:\/\/eloge.net\/accompagnement\/\"><img loading=\"lazy\" class=\"alignright wp-image-782 size-medium\" src=\"https:\/\/eloge.net\/wp-content\/uploads\/2016\/10\/accompagnement-300x212.jpg\" alt=\"accompagnement dirigeant\" width=\"300\" height=\"212\" \/><\/a><\/h2>\n<h2>Accompagner et Assister le Dirigeant<\/h2>\n<h3>dans les domaines :<\/h3>\n<ul>\n<li>de la G<a href=\"https:\/\/eloge.net\/index.php\/finances-gestion\/\">estion<\/a><\/li>\n<li>des<a href=\"https:\/\/eloge.net\/index.php\/ressources-humaines-rh\/\"> Ressources Humaines<\/a><\/li>\n<li>du <a href=\"https:\/\/eloge.net\/index.php\/juridique-fiscalite\/\">Droit<\/a><\/li>\n<li>de la <a href=\"https:\/\/eloge.net\/index.php\/juridique-fiscalite\/fiscalite\/\">Fiscalit\u00e9<\/a><\/li>\n<\/ul>\n<p><span style=\"color: #000000;\">Egalement pour :<\/span><\/p>\n<ul>\n<li>Organiser (r\u00e9organisation) des services, unit\u00e9s, activit\u00e9&#8230;&#8230;&#8230;<\/li>\n<li>l&rsquo;Accompagner aupr\u00e8s des organismes sociaux, fiscaux\u00a0et bancaires&#8230;..<b><\/b><i><\/i><u><\/u><\/li>\n<li>Proc\u00e9der aux formations, mise \u00e0 niveau, am\u00e9lioration des comp\u00e9tences des Salari\u00e9s&#8230;..<\/li>\n<li>Mettre en place des op\u00e9rations de Coaching pour le dirigeant et ses salari\u00e9s.<\/li>\n<\/ul>\n<p><span style=\"color: #ff0000;\">Et aussi prendre en charge, \u00e0 sa\u00a0place, \u00a0l&rsquo;ensemble des\u00a0formalit\u00e9s administratives, sociales, fiscales, <\/span><\/p>\n<p><span style=\"color: #ff0000;\">relations avec les diff\u00e9rents organismes et les \u00e9tablissements financiers.<\/span><\/p>\n<p>Nous avons cr\u00e9\u00e9 une formule\u00a0 pour aider les dirigeants \u00e0 passer \u00ab\u00a0brillamment\u00a0\u00bb le cap de leur premi\u00e8re ann\u00e9e d&rsquo;activit\u00e9 :<\/p>\n<p>ACCOMPAGNEMENT du DIRIGEANT\u00a0lors de <a href=\"https:\/\/eloge.net\/index.php\/creation-entreprises\/accompagnement-1ere-annee\/\"> LA PREMIERE ANNEE D&rsquo;ACTIVITE<\/a><\/p>\n<h3>Contactez nous :<\/h3>\n<ul>\n<li>Via le <a href=\"https:\/\/eloge.net\/index.php\/contact\/\">formulaire<\/a><\/li>\n<li>Contact@eloge.net<\/li>\n<li>Tel 06 37 50 24 98<\/li>\n<\/ul>\n<div id='share-me'><ul class='share-left'><li><a href=\"http:\/\/www.facebook.com\/sharer.php?u=https:\/\/eloge.net\/index.php\/assistance-dirigeant\/&t=ACCOMPAGNEMENT+DIRIGEANT\" alt=\"Share on Facebook\" title=\"Share on Facebook\"   onclick=\"return smWindowpop(this.href,545,433)\"><img alt = \"\" src = \"https:\/\/eloge.net\/wp-content\/plugins\/share-me\/\/assets\/images\/simple\/facebook.png\"  height=\"32px\"  width=\"32px\"><\/a><\/li><li><a href=\"https:\/\/plusone.google.com\/_\/+1\/confirm?hl=fr-FR&url=https:\/\/eloge.net\/index.php\/assistance-dirigeant\/\" alt=\"Share on Google+\" title=\"Share on Google+\"  target=\"_blank\" onclick=\"return smWindowpop(this.href,545,433)\"><img alt = \"\" src = \"https:\/\/eloge.net\/wp-content\/plugins\/share-me\/\/assets\/images\/simple\/googleplus.png\"  height=\"32px\"  width=\"32px\"><\/a><\/li><li><a href=\"http:\/\/www.linkedin.com\/shareArticle?mini=true&url=https:\/\/eloge.net\/index.php\/assistance-dirigeant\/&title=ACCOMPAGNEMENT+DIRIGEANT&source=E-loge\" onclick=\"return smWindowpop(this.href, 545,433)\"><img alt = \"\" src = \"https:\/\/eloge.net\/wp-content\/plugins\/share-me\/\/assets\/images\/simple\/linkedin.png\"  height=\"32px\"  width=\"32px\"><\/a><\/li><\/ul><\/div><br\/>","protected":false},"excerpt":{"rendered":"<p>PERMETTRE AU DIRIGEANT DE SE CONSACRER A SON METIER Accompagner et Assister le Dirigeant dans les domaines : de la Gestion des Ressources Humaines du Droit de la Fiscalit\u00e9 Egalement pour : Organiser (r\u00e9organisation) des services, unit\u00e9s, activit\u00e9&#8230;&#8230;&#8230; l&rsquo;Accompagner aupr\u00e8s des organismes sociaux, fiscaux\u00a0et bancaires&#8230;.. Proc\u00e9der aux formations, mise \u00e0 &hellip; <a class=\"continue-reading-link\" href=\"https:\/\/eloge.net\/index.php\/assistance-dirigeant\/\"> Continue reading <span class=\"meta-nav\">&rarr; <\/span><\/a><\/p>\n","protected":false},"author":1,"featured_media":0,"parent":0,"menu_order":0,"comment_status":"closed","ping_status":"closed","template":"template-twocolumns-right.php","meta":[],"_links":{"self":[{"href":"https:\/\/eloge.net\/index.php\/wp-json\/wp\/v2\/pages\/39"}],"collection":[{"href":"https:\/\/eloge.net\/index.php\/wp-json\/wp\/v2\/pages"}],"about":[{"href":"https:\/\/eloge.net\/index.php\/wp-json\/wp\/v2\/types\/page"}],"author":[{"embeddable":true,"href":"https:\/\/eloge.net\/index.php\/wp-json\/wp\/v2\/users\/1"}],"replies":[{"embeddable":true,"href":"https:\/\/eloge.net\/index.php\/wp-json\/wp\/v2\/comments?post=39"}],"version-history":[{"count":19,"href":"https:\/\/eloge.net\/index.php\/wp-json\/wp\/v2\/pages\/39\/revisions"}],"predecessor-version":[{"id":868,"href":"https:\/\/eloge.net\/index.php\/wp-json\/wp\/v2\/pages\/39\/revisions\/868"}],"wp:attachment":[{"href":"https:\/\/eloge.net\/index.php\/wp-json\/wp\/v2\/media?parent=39"}],"curies":[{"name":"wp","href":"https:\/\/api.w.org\/{rel}","templated":true}]}}