{"id":480,"date":"2020-02-12T11:22:51","date_gmt":"2020-02-12T10:22:51","guid":{"rendered":"http:\/\/eloge.net\/?page_id=480"},"modified":"2020-02-12T11:22:31","modified_gmt":"2020-02-12T10:22:31","slug":"ressources-humaines-rh","status":"publish","type":"page","link":"https:\/\/eloge.net\/index.php\/ressources-humaines-rh\/","title":{"rendered":"RESSOURCES HUMAINES"},"content":{"rendered":"<h2>RESSOURCES HUMAINES<\/h2>\n<p>Nous vous proposons de vous accompagner pour traiter \u00a0les diff\u00e9rents aspects des RH :<a href=\"https:\/\/eloge.net\/index.php\/ressources-humaines-rh\/human-1181577_1280\/\"><img loading=\"lazy\" class=\"alignright wp-image-780 \" src=\"https:\/\/eloge.net\/wp-content\/uploads\/2016\/10\/human-1181577_1280-203x300.jpg\" alt=\"Ressources Humaines\" width=\"164\" height=\"243\" \/><\/a><\/p>\n<ul>\n<li><a href=\"https:\/\/eloge.net\/index.php\/ressources-humaines-rh\/recrutement\/\">Recrutement<\/a><\/li>\n<li>Paie<\/li>\n<li>D\u00e9clarations sociales<\/li>\n<li><a href=\"https:\/\/eloge.net\/index.php\/ressources-humaines-rh\/ressources-humaines\/depart-du-salarie\/\">D\u00e9part du salari\u00e9<\/a><\/li>\n<li>Audit RH<\/li>\n<li>Affichage obligatoire<\/li>\n<li>Entretiens (professionnels, 2\u00e8me partie de\u00a0carri\u00e8re,&#8230;&#8230;)<\/li>\n<li>R\u00e9daction des documents obligatoires (<a href=\"https:\/\/www.ameli.fr\/entreprise\/votre-entreprise\/outils-gestion-prevention-risques-professionnels\/duer\">DUERP<\/a>,&#8230;)<\/li>\n<li><a href=\"https:\/\/eloge.net\/index.php\/ressources-humaines-rh\/ressources-humaines\/rh-formation\/\">Formation professionnelle<\/a><\/li>\n<\/ul>\n<p><a href=\"https:\/\/eloge.net\/index.php\/contact\/\">Contactez nous !<\/a><\/p>\n<ul>\n<li>contact@eloge.net<\/li>\n<li>Tel 06 37 50 24 98<\/li>\n<\/ul>\n<div id='share-me'><ul class='share-left'><li><a href=\"http:\/\/www.facebook.com\/sharer.php?u=https:\/\/eloge.net\/index.php\/ressources-humaines-rh\/&t=RESSOURCES+HUMAINES\" alt=\"Share on Facebook\" title=\"Share on Facebook\"   onclick=\"return smWindowpop(this.href,545,433)\"><img alt = \"\" src = \"https:\/\/eloge.net\/wp-content\/plugins\/share-me\/\/assets\/images\/simple\/facebook.png\"  height=\"32px\"  width=\"32px\"><\/a><\/li><li><a href=\"https:\/\/plusone.google.com\/_\/+1\/confirm?hl=fr-FR&url=https:\/\/eloge.net\/index.php\/ressources-humaines-rh\/\" alt=\"Share on Google+\" title=\"Share on Google+\"  target=\"_blank\" onclick=\"return smWindowpop(this.href,545,433)\"><img alt = \"\" src = \"https:\/\/eloge.net\/wp-content\/plugins\/share-me\/\/assets\/images\/simple\/googleplus.png\"  height=\"32px\"  width=\"32px\"><\/a><\/li><li><a href=\"http:\/\/www.linkedin.com\/shareArticle?mini=true&url=https:\/\/eloge.net\/index.php\/ressources-humaines-rh\/&title=RESSOURCES+HUMAINES&source=E-loge\" onclick=\"return smWindowpop(this.href, 545,433)\"><img alt = \"\" src = \"https:\/\/eloge.net\/wp-content\/plugins\/share-me\/\/assets\/images\/simple\/linkedin.png\"  height=\"32px\"  width=\"32px\"><\/a><\/li><\/ul><\/div><br\/>","protected":false},"excerpt":{"rendered":"<p>RESSOURCES HUMAINES Nous vous proposons de vous accompagner pour traiter \u00a0les diff\u00e9rents aspects des RH : Recrutement Paie D\u00e9clarations sociales D\u00e9part du salari\u00e9 Audit RH Affichage obligatoire Entretiens (professionnels, 2\u00e8me partie de\u00a0carri\u00e8re,&#8230;&#8230;) R\u00e9daction des documents obligatoires (DUERP,&#8230;) Formation professionnelle Contactez nous ! contact@eloge.net Tel 06 37 50 24 98<\/p>\n","protected":false},"author":1,"featured_media":0,"parent":0,"menu_order":0,"comment_status":"closed","ping_status":"closed","template":"","meta":[],"_links":{"self":[{"href":"https:\/\/eloge.net\/index.php\/wp-json\/wp\/v2\/pages\/480"}],"collection":[{"href":"https:\/\/eloge.net\/index.php\/wp-json\/wp\/v2\/pages"}],"about":[{"href":"https:\/\/eloge.net\/index.php\/wp-json\/wp\/v2\/types\/page"}],"author":[{"embeddable":true,"href":"https:\/\/eloge.net\/index.php\/wp-json\/wp\/v2\/users\/1"}],"replies":[{"embeddable":true,"href":"https:\/\/eloge.net\/index.php\/wp-json\/wp\/v2\/comments?post=480"}],"version-history":[{"count":19,"href":"https:\/\/eloge.net\/index.php\/wp-json\/wp\/v2\/pages\/480\/revisions"}],"predecessor-version":[{"id":936,"href":"https:\/\/eloge.net\/index.php\/wp-json\/wp\/v2\/pages\/480\/revisions\/936"}],"wp:attachment":[{"href":"https:\/\/eloge.net\/index.php\/wp-json\/wp\/v2\/media?parent=480"}],"curies":[{"name":"wp","href":"https:\/\/api.w.org\/{rel}","templated":true}]}}