{"id":505,"date":"2016-10-08T16:17:35","date_gmt":"2016-10-08T14:17:35","guid":{"rendered":"http:\/\/eloge.net\/?page_id=505"},"modified":"2016-10-15T18:07:53","modified_gmt":"2016-10-15T16:07:53","slug":"is-ir-impot-sur-les-societes-ou-le-revenu","status":"publish","type":"page","link":"https:\/\/eloge.net\/index.php\/juridique-fiscalite\/fiscalite\/is-ir-impot-sur-les-societes-ou-le-revenu\/","title":{"rendered":"IS &#8211; IR Imp\u00f4t sur les Soci\u00e9t\u00e9s ou le Revenu"},"content":{"rendered":"<div id=\"popupconteneur\" dir=\"ltr\">\n<table width=\"100%\" cellspacing=\"0\" cellpadding=\"0\">\n<colgroup>\n<col width=\"256\" \/><\/colgroup>\n<tbody>\n<tr>\n<td valign=\"top\" width=\"100%\">\n<h2 class=\"western\">Soci\u00e9t\u00e9s soumises \u00e0 l&rsquo;imp\u00f4t sur les soci\u00e9t\u00e9s (IS) : les r\u00e9gimes d&rsquo;imposition<\/h2>\n<p>Type d&rsquo;activit\u00e9 et montant du chiffre d&rsquo;affaires sont les deux principaux crit\u00e8res qui d\u00e9terminent sous quelle r\u00e9gime d&rsquo;imposition sous lequel vous \u00eates plac\u00e9. Mais en fonction de vos besoins, vous avez la possibilit\u00e9 d&rsquo;opter pour un autre r\u00e9gime d&rsquo;imposition.<\/p>\n<p><img width=\"10\" height=\"11\" name=\"Image1\" align=\"bottom\" border=\"0\" \/><\/p>\n<h2 class=\"western\">Nouveaut\u00e9<\/h2>\n<p>Toutes les entreprises soumises \u00e0 l\u2019imp\u00f4t sur les soci\u00e9t\u00e9s doivent transmettre en ligne leurs d\u00e9clarations et paiements de TVA, d\u2019imp\u00f4t sur les soci\u00e9t\u00e9s (IS), de taxe sur les salaires (TS) et de CVAE.<\/p>\n<p>Depuis d\u00e9cembre 2014, les entreprises soumises \u00e0 l&rsquo;IS et relevant du RSI ont la possibilit\u00e9 de souscrire leur d\u00e9claration de r\u00e9sultats directement en ligne (en mode EFI).<\/p>\n<p><img width=\"10\" height=\"11\" name=\"Image2\" align=\"bottom\" border=\"0\" \/><\/p>\n<h2 class=\"western\">Le r\u00e9gime r\u00e9el simplifi\u00e9 d&rsquo;imposition (RSI)<\/h2>\n<p>Pour la d\u00e9claration de vos b\u00e9n\u00e9fices soumis \u00e0 l&rsquo;imp\u00f4t sur les soci\u00e9t\u00e9s (IS), ce r\u00e9gime vous est appliqu\u00e9 si votre chiffre d&rsquo;affaires hors taxes de l&rsquo;ann\u00e9e civile pr\u00e9c\u00e9dente est inf\u00e9rieur \u00e0 :<\/p>\n<ul>\n<li>236 000 \u20ac pour les activit\u00e9s de prestation de services\u00a0;<\/li>\n<li>783 000 \u20ac pour les activit\u00e9s d&rsquo;achat-revente, de vente \u00e0 consommer sur place et de fourniture de logement.<\/li>\n<\/ul>\n<p><em>En cas de cr\u00e9ation d&rsquo;activit\u00e9, il convient d&rsquo;ajuster les chiffres d&rsquo;affaires limites annuels au prorata temporis du temps d&rsquo;exploitation au cours de l&rsquo;ann\u00e9e de cr\u00e9ation.<\/em><\/p>\n<p>Lorsque vous relevez du RSI, vous devez remplir en ligne une d\u00e9claration de r\u00e9sultat n\u00b0 2065 et les annexes :<\/p>\n<ul>\n<li>n\u00b0 2033-A : bilan simplifi\u00e9\u00a0;<\/li>\n<li>n\u00b0 2033-B : compte de r\u00e9sultat simplifi\u00e9\u00a0;<\/li>\n<li>n\u00b0 2033-C : tableau des immobilisations, amortissements et des plus et moins-values\u00a0;<\/li>\n<li>n\u00b0 2033-D : relev\u00e9s des provisions et des d\u00e9ficits reportables\u00a0;<\/li>\n<li>n\u00b0 2033-E : d\u00e9termination de la valeur ajout\u00e9e produite au cours de l&rsquo;exercice\u00a0;<\/li>\n<li>n\u00b0 2033-F : composition du capital social\u00a0;<\/li>\n<li>n\u00b0 2033-G : filiales et participations.<\/li>\n<\/ul>\n<p>La d\u00e9claration n\u00b0 2065 et ses annexes doivent \u00eatre t\u00e9l\u00e9transmises :<\/p>\n<ul>\n<li>soit dans les trois mois de la cl\u00f4ture de l&rsquo;exercice, lorsque la date de cl\u00f4ture n&rsquo;intervient pas le 31 d\u00e9cembre ;<\/li>\n<li>soit au plus tard le 2<sup><span style=\"font-size: small;\">\u00e8me<\/span><\/sup> jour ouvr\u00e9 qui suit le 1<sup><span style=\"font-size: small;\">er<\/span><\/sup> mai (soit le\u00a03 mai 2016 pour les d\u00e9clarations aff\u00e9rentes \u00e0 l&rsquo;exercice clos au 31 d\u00e9cembre 2015) dans un des deux cas suivants :<br \/>\n&#8211; la date de cl\u00f4ture est intervenue le 31 d\u00e9cembre de l&rsquo;ann\u00e9e pr\u00e9c\u00e9dente ;<br \/>\n&#8211; en l&rsquo;absence de cl\u00f4ture d&rsquo;un exercice au cours de l&rsquo;ann\u00e9e pr\u00e9c\u00e9dente.<\/li>\n<\/ul>\n<p align=\"justify\">Le b\u00e9n\u00e9fice mentionn\u00e9 sur cette d\u00e9claration vous sert de base de calcul pour le paiement spontan\u00e9 de votre IS.<\/p>\n<p><b>Opter pour le r\u00e9gime r\u00e9el normal<br \/>\n<\/b>Vous pouvez formuler cette option sur papier libre aupr\u00e8s de votre service des imp\u00f4ts avant le 1er f\u00e9vrier de l&rsquo;ann\u00e9e pour laquelle vous souhaitez b\u00e9n\u00e9ficier du r\u00e9gime r\u00e9el normal.<\/p>\n<p>Sachez que lorsque vous choisissez le r\u00e9gime r\u00e9el normal pour la d\u00e9claration de b\u00e9n\u00e9fices, vous \u00eates aussi automatiquement plac\u00e9 sous ce r\u00e9gime \u00e0 la TVA.<\/p>\n<p><img width=\"10\" height=\"11\" name=\"Image3\" align=\"bottom\" border=\"0\" \/><\/p>\n<h2 class=\"western\">Le r\u00e9gime r\u00e9el normal (RN)<\/h2>\n<p>Il concerne les entreprises qui ont opt\u00e9 pour le r\u00e9gime r\u00e9el normal (RN) ou dont le chiffre d&rsquo;affaires hors taxes de l&rsquo;ann\u00e9e pr\u00e9c\u00e9dente est sup\u00e9rieur\u00a0\u00e0 :<\/p>\n<ul>\n<li><span style=\"font-family: Arial;\">236 000 \u20ac pour les activit\u00e9s de prestations de services<\/span> ;<\/li>\n<li><span style=\"font-family: Arial;\">783 000 \u20ac pour les activit\u00e9s d&rsquo;achat-revente, de vente \u00e0 consommer sur place et de fourniture de logement.<\/span><\/li>\n<\/ul>\n<p><span style=\"font-family: Arial;\">Les d\u00e9lais de d\u00e9p\u00f4t sont les m\u00eames que pour le RSI. La seule diff\u00e9rence porte sur les annexes sp\u00e9cifiques \u00e0 d\u00e9poser avec la d\u00e9claration n\u00b0 2065\u00a0:<\/span><\/p>\n<ul>\n<li><span style=\"font-family: Arial;\">n\u00b0 2050 et 2051 : bilan<\/span> ;<\/li>\n<li><span style=\"font-family: Arial;\">n\u00b0 2052 et 2053 : compte de r\u00e9sultat<\/span> ;<\/li>\n<li><span style=\"font-family: Arial;\">n\u00b0 2054 \u00e0 2059-D : amortissements, provisions ,d\u00e9ficits reportables\u2026 ;<\/span><\/li>\n<li>n\u00b0 2059-E : d\u00e9termination de la valeur ajout\u00e9e produite au cours de l&rsquo;exercice ;<\/li>\n<li><span style=\"font-family: Arial;\">n\u00b0 2059-F\u00a0: composition du capital social<\/span> ;<\/li>\n<li>n\u00b0 2059-G : filiales et participations.<\/li>\n<\/ul>\n<\/td>\n<\/tr>\n<\/tbody>\n<\/table>\n<\/div>\n<p>&nbsp;<\/p>\n<div id='share-me'><ul class='share-left'><li><a href=\"http:\/\/www.facebook.com\/sharer.php?u=https:\/\/eloge.net\/index.php\/juridique-fiscalite\/fiscalite\/is-ir-impot-sur-les-societes-ou-le-revenu\/&t=IS+%26%238211%3B+IR+Imp%C3%B4t+sur+les+Soci%C3%A9t%C3%A9s+ou+le+Revenu\" alt=\"Share on Facebook\" title=\"Share on Facebook\"   onclick=\"return smWindowpop(this.href,545,433)\"><img alt = \"\" src = \"https:\/\/eloge.net\/wp-content\/plugins\/share-me\/\/assets\/images\/simple\/facebook.png\"  height=\"32px\"  width=\"32px\"><\/a><\/li><li><a href=\"https:\/\/plusone.google.com\/_\/+1\/confirm?hl=fr-FR&url=https:\/\/eloge.net\/index.php\/juridique-fiscalite\/fiscalite\/is-ir-impot-sur-les-societes-ou-le-revenu\/\" alt=\"Share on Google+\" title=\"Share on Google+\"  target=\"_blank\" onclick=\"return smWindowpop(this.href,545,433)\"><img alt = \"\" src = \"https:\/\/eloge.net\/wp-content\/plugins\/share-me\/\/assets\/images\/simple\/googleplus.png\"  height=\"32px\"  width=\"32px\"><\/a><\/li><li><a href=\"http:\/\/www.linkedin.com\/shareArticle?mini=true&url=https:\/\/eloge.net\/index.php\/juridique-fiscalite\/fiscalite\/is-ir-impot-sur-les-societes-ou-le-revenu\/&title=IS+%26%238211%3B+IR+Imp%C3%B4t+sur+les+Soci%C3%A9t%C3%A9s+ou+le+Revenu&source=E-loge\" onclick=\"return smWindowpop(this.href, 545,433)\"><img alt = \"\" src = \"https:\/\/eloge.net\/wp-content\/plugins\/share-me\/\/assets\/images\/simple\/linkedin.png\"  height=\"32px\"  width=\"32px\"><\/a><\/li><\/ul><\/div><br\/>","protected":false},"excerpt":{"rendered":"<p>Soci\u00e9t\u00e9s soumises \u00e0 l&rsquo;imp\u00f4t sur les soci\u00e9t\u00e9s (IS) : les r\u00e9gimes d&rsquo;imposition Type d&rsquo;activit\u00e9 et montant du chiffre d&rsquo;affaires sont les deux principaux crit\u00e8res qui d\u00e9terminent sous quelle r\u00e9gime d&rsquo;imposition sous lequel vous \u00eates plac\u00e9. Mais en fonction de vos besoins, vous avez la possibilit\u00e9 d&rsquo;opter pour un autre r\u00e9gime &hellip; <a class=\"continue-reading-link\" href=\"https:\/\/eloge.net\/index.php\/juridique-fiscalite\/fiscalite\/is-ir-impot-sur-les-societes-ou-le-revenu\/\"> Continue reading <span class=\"meta-nav\">&rarr; <\/span><\/a><\/p>\n","protected":false},"author":1,"featured_media":0,"parent":152,"menu_order":0,"comment_status":"closed","ping_status":"closed","template":"template-twocolumns-right.php","meta":[],"_links":{"self":[{"href":"https:\/\/eloge.net\/index.php\/wp-json\/wp\/v2\/pages\/505"}],"collection":[{"href":"https:\/\/eloge.net\/index.php\/wp-json\/wp\/v2\/pages"}],"about":[{"href":"https:\/\/eloge.net\/index.php\/wp-json\/wp\/v2\/types\/page"}],"author":[{"embeddable":true,"href":"https:\/\/eloge.net\/index.php\/wp-json\/wp\/v2\/users\/1"}],"replies":[{"embeddable":true,"href":"https:\/\/eloge.net\/index.php\/wp-json\/wp\/v2\/comments?post=505"}],"version-history":[{"count":2,"href":"https:\/\/eloge.net\/index.php\/wp-json\/wp\/v2\/pages\/505\/revisions"}],"predecessor-version":[{"id":729,"href":"https:\/\/eloge.net\/index.php\/wp-json\/wp\/v2\/pages\/505\/revisions\/729"}],"up":[{"embeddable":true,"href":"https:\/\/eloge.net\/index.php\/wp-json\/wp\/v2\/pages\/152"}],"wp:attachment":[{"href":"https:\/\/eloge.net\/index.php\/wp-json\/wp\/v2\/media?parent=505"}],"curies":[{"name":"wp","href":"https:\/\/api.w.org\/{rel}","templated":true}]}}