{"id":576,"date":"2016-10-10T18:34:12","date_gmt":"2016-10-10T16:34:12","guid":{"rendered":"http:\/\/eloge.net\/?page_id=576"},"modified":"2016-10-20T11:01:53","modified_gmt":"2016-10-20T09:01:53","slug":"business-plan","status":"publish","type":"page","link":"https:\/\/eloge.net\/index.php\/creation-entreprises\/business-plan\/","title":{"rendered":"Business Plan"},"content":{"rendered":"<p>Le business Plan (BP) \u00e9galement appel\u00e9 Plan d&rsquo;Affaires ou Plan de D\u00e9veloppement est un document \u00e9crit formalisant un projet d&rsquo;entreprise qui comprend 2 parties :<\/p>\n<p>une partie <span style=\"color: #000000;\"><span style=\"font-family: Times New Roman,serif;\"><span style=\"font-size: medium;\">\u00e9conomique :<\/span><\/span><\/span><\/p>\n<ul>\n<li><span style=\"color: #000000;\"><span style=\"font-family: Times New Roman,serif;\"><span style=\"font-size: medium;\">la pr\u00e9sentation du projet, <\/span><\/span><\/span><\/li>\n<li><span style=\"color: #000000;\"><span style=\"font-family: Times New Roman,serif;\"><span style=\"font-size: medium;\">le business model,\u00a0<\/span><\/span><\/span><\/li>\n<li><span style=\"color: #000000;\"><span style=\"font-family: Times New Roman,serif;\"><span style=\"font-size: medium;\">l\u2019\u00e9tude de march\u00e9<\/span><\/span><\/span><span style=\"color: #000000;\"><span style=\"font-family: Times New Roman,serif;\"><span style=\"font-size: medium;\">, <\/span><\/span><\/span><\/li>\n<li><span style=\"color: #000000;\"><span style=\"font-family: Times New Roman,serif;\"><span style=\"font-size: medium;\">la strat\u00e9gie marketing et commerciale, <\/span><\/span><\/span><\/li>\n<li><span style=\"color: #000000;\"><span style=\"font-family: Times New Roman,serif;\"><span style=\"font-size: medium;\">la pr\u00e9sentation du porteur de projet <\/span><\/span><\/span><\/li>\n<li><span style=\"color: #000000;\"><span style=\"font-family: Times New Roman,serif;\"><span style=\"font-size: medium;\">l\u2019\u00e9quipe entourant le porteur<\/span><\/span><\/span><\/li>\n<\/ul>\n<p>Une partie financi\u00e8re :<\/p>\n<ul>\n<li><span style=\"color: #000000;\"><span style=\"font-family: Times New Roman,serif;\"><span style=\"font-size: medium;\">le compte de r\u00e9sultat pr\u00e9visionnel<\/span><\/span><\/span><span style=\"color: #000000;\"><span style=\"font-family: Times New Roman,serif;\"><span style=\"font-size: medium;\">,<\/span><\/span><\/span><b><\/b><i><\/i><u><\/u><\/li>\n<li><span style=\"color: #000000;\"><span style=\"font-family: Times New Roman,serif;\"><span style=\"font-size: medium;\">le bilan pr\u00e9visionnel<\/span><\/span><\/span><span style=\"color: #000000;\"><span style=\"font-family: Times New Roman,serif;\"><span style=\"font-size: medium;\">,<\/span><\/span><\/span><b><\/b><i><\/i><u><\/u><\/li>\n<li><span style=\"color: #000000;\"><span style=\"font-family: Times New Roman,serif;\"><span style=\"font-size: medium;\">le plan de financement,<\/span><\/span><\/span><\/li>\n<li><span style=\"color: #000000;\"><span style=\"font-family: Times New Roman,serif;\"><span style=\"font-size: medium;\">le plan ou budget de tr\u00e9sorerie,<\/span><\/span><\/span><\/li>\n<li><span style=\"color: #000000;\"><span style=\"font-family: Times New Roman,serif;\"><span style=\"font-size: medium;\">d&rsquo;autres indicateurs financiers (dont la CAF)<b><i><u><sub><sup><span style=\"text-decoration: line-through;\"><br \/>\n<\/span><\/sup><\/sub><\/u><\/i><\/b><\/span><\/span><\/span><\/li>\n<\/ul>\n<p><span style=\"color: #000000;\"><span style=\"font-family: Times New Roman,serif;\"><span style=\"font-size: medium;\">et\u00a0<\/span><\/span><\/span><span style=\"color: #000000;\"><span style=\"font-family: Times New Roman,serif;\"><span style=\"font-size: medium;\">les indicateurs\u00a0financiers<\/span><\/span><\/span><span style=\"color: #000000;\"><span style=\"font-family: Times New Roman,serif;\"><span style=\"font-size: medium;\">\u00a0importants (capacit\u00e9 d\u2019autofinancement, taux d\u2019endettement, taux de rentabilit\u00e9\u2026).<\/span><\/span><\/span><\/p>\n<div id='share-me'><ul class='share-left'><li><a href=\"http:\/\/www.facebook.com\/sharer.php?u=https:\/\/eloge.net\/index.php\/creation-entreprises\/business-plan\/&t=Business+Plan\" alt=\"Share on Facebook\" title=\"Share on Facebook\"   onclick=\"return smWindowpop(this.href,545,433)\"><img alt = \"\" src = \"https:\/\/eloge.net\/wp-content\/plugins\/share-me\/\/assets\/images\/simple\/facebook.png\"  height=\"32px\"  width=\"32px\"><\/a><\/li><li><a href=\"https:\/\/plusone.google.com\/_\/+1\/confirm?hl=fr-FR&url=https:\/\/eloge.net\/index.php\/creation-entreprises\/business-plan\/\" alt=\"Share on Google+\" title=\"Share on Google+\"  target=\"_blank\" onclick=\"return smWindowpop(this.href,545,433)\"><img alt = \"\" src = \"https:\/\/eloge.net\/wp-content\/plugins\/share-me\/\/assets\/images\/simple\/googleplus.png\"  height=\"32px\"  width=\"32px\"><\/a><\/li><li><a href=\"http:\/\/www.linkedin.com\/shareArticle?mini=true&url=https:\/\/eloge.net\/index.php\/creation-entreprises\/business-plan\/&title=Business+Plan&source=E-loge\" onclick=\"return smWindowpop(this.href, 545,433)\"><img alt = \"\" src = \"https:\/\/eloge.net\/wp-content\/plugins\/share-me\/\/assets\/images\/simple\/linkedin.png\"  height=\"32px\"  width=\"32px\"><\/a><\/li><\/ul><\/div><br\/>","protected":false},"excerpt":{"rendered":"<p>Le business Plan (BP) \u00e9galement appel\u00e9 Plan d&rsquo;Affaires ou Plan de D\u00e9veloppement est un document \u00e9crit formalisant un projet d&rsquo;entreprise qui comprend 2 parties : une partie \u00e9conomique : la pr\u00e9sentation du projet, le business model,\u00a0 l\u2019\u00e9tude de march\u00e9, la strat\u00e9gie marketing et commerciale, la pr\u00e9sentation du porteur de projet &hellip; <a class=\"continue-reading-link\" href=\"https:\/\/eloge.net\/index.php\/creation-entreprises\/business-plan\/\"> Continue reading <span class=\"meta-nav\">&rarr; <\/span><\/a><\/p>\n","protected":false},"author":1,"featured_media":0,"parent":13,"menu_order":0,"comment_status":"closed","ping_status":"closed","template":"template-twocolumns-right.php","meta":[],"_links":{"self":[{"href":"https:\/\/eloge.net\/index.php\/wp-json\/wp\/v2\/pages\/576"}],"collection":[{"href":"https:\/\/eloge.net\/index.php\/wp-json\/wp\/v2\/pages"}],"about":[{"href":"https:\/\/eloge.net\/index.php\/wp-json\/wp\/v2\/types\/page"}],"author":[{"embeddable":true,"href":"https:\/\/eloge.net\/index.php\/wp-json\/wp\/v2\/users\/1"}],"replies":[{"embeddable":true,"href":"https:\/\/eloge.net\/index.php\/wp-json\/wp\/v2\/comments?post=576"}],"version-history":[{"count":5,"href":"https:\/\/eloge.net\/index.php\/wp-json\/wp\/v2\/pages\/576\/revisions"}],"predecessor-version":[{"id":830,"href":"https:\/\/eloge.net\/index.php\/wp-json\/wp\/v2\/pages\/576\/revisions\/830"}],"up":[{"embeddable":true,"href":"https:\/\/eloge.net\/index.php\/wp-json\/wp\/v2\/pages\/13"}],"wp:attachment":[{"href":"https:\/\/eloge.net\/index.php\/wp-json\/wp\/v2\/media?parent=576"}],"curies":[{"name":"wp","href":"https:\/\/api.w.org\/{rel}","templated":true}]}}