{"id":669,"date":"2016-10-13T16:55:27","date_gmt":"2016-10-13T14:55:27","guid":{"rendered":"http:\/\/eloge.net\/?page_id=669"},"modified":"2020-02-13T09:44:05","modified_gmt":"2020-02-13T08:44:05","slug":"obligations-fiscales-1ere-annee","status":"publish","type":"page","link":"https:\/\/eloge.net\/index.php\/juridique-fiscalite\/obligations-fiscales-1ere-annee\/","title":{"rendered":"Obligations Fiscales 1\u00e8re ann\u00e9e"},"content":{"rendered":"<p>Pour en savoir plus, consultez le <a href=\"https:\/\/www.impots.gouv.fr\/portail\/professionnel\/creer-mon-entreprise\">site des Imp\u00f4ts<\/a><\/p>\n<h2>Quelles obligations fiscales pour l&rsquo;ann\u00e9e de cr\u00e9ation ?<\/h2>\n<p>D\u00e9couvrez les premi\u00e8res d\u00e9clarations \u00e0 d\u00e9poser pour vos principaux imp\u00f4ts professionnels.<\/p>\n<h2>La d\u00e9claration des premiers b\u00e9n\u00e9fices<\/h2>\n<p>Les entreprises relevant d&rsquo;un r\u00e9gime r\u00e9el d&rsquo;imposition (normal ou simplifi\u00e9) sont tenues de souscrire une d\u00e9claration professionnelle de r\u00e9sultats. La d\u00e9claration de r\u00e9sultats doit \u00eatre d\u00e9clar\u00e9e en ligne au plus tard le 2\u00e8me jour ouvr\u00e9 qui suit le 1er mai, soit cette ann\u00e9e le 5 mai 2020<\/p>\n<p><strong>Vos b\u00e9n\u00e9fices sont soumis \u00e0 l&rsquo;imp\u00f4t sur le revenu<\/strong><br \/>\nLorsque vous cr\u00e9ez votre entreprise, vous devez d\u00e9poser une premi\u00e8re d\u00e9claration de\u00a0r\u00e9sultats (ceux r\u00e9alis\u00e9s entre le d\u00e9but de votre activit\u00e9 et le 31 d\u00e9cembre de votre ann\u00e9e de cr\u00e9ation) au plus tard le 2\u00e8me jour ouvr\u00e9 qui suit le 1er mai, (soit le 5 mai 2020 pour les d\u00e9clarations d\u00e9pos\u00e9es en 2020).<\/p>\n<p><strong>Une r\u00e8gle diff\u00e9rente\u00a0pour l&rsquo;imp\u00f4t sur les soci\u00e9t\u00e9s (IS)<\/strong><br \/>\nUne soci\u00e9t\u00e9 nouvelle imposable \u00e0 l\u2019IS doit transmettre en ligne sa d\u00e9claration de r\u00e9sultats dans les trois mois de la cl\u00f4ture de son premier exercice. Elle choisit, \u00e0 sa convenance, la date de cl\u00f4ture de son premier exercice qui doit intervenir au plus tard le 31 d\u00e9cembre de l&rsquo;ann\u00e9e suivant celle de sa cr\u00e9ation.<\/p>\n<p>En r\u00e8gle g\u00e9n\u00e9rale, les soci\u00e9t\u00e9s nouvelles choisissent comme date de cl\u00f4ture de leur premier exercice, soit\u00a0le :<\/p>\n<ul>\n<li>31 d\u00e9cembre de leur ann\u00e9e de cr\u00e9ation (exercice de 12 mois ou de moins de 12 mois) ;<\/li>\n<li>dernier jour de leur 12\u00e8me mois d&rsquo;activit\u00e9 ;<\/li>\n<li>31 d\u00e9cembre de l&rsquo;ann\u00e9e suivant celle de leur cr\u00e9ation (date limite de cl\u00f4ture d&rsquo;un premier exercice de plus de 12 mois).<\/li>\n<\/ul>\n<p>En cas de cl\u00f4ture de l&rsquo;exercice comptable le 31 d\u00e9cembre 2019, la date limite de d\u00e9p\u00f4t de la d\u00e9claration de r\u00e9sultats n\u00b0 2065 est le 2\u00e8me jour ouvr\u00e9 suivant le 1er mai, soit le 5 mai 2020.<\/p>\n<p><img loading=\"lazy\" src=\"data:image\/png;base64,iVBORw0KGgoAAAANSUhEUgAAAAoAAAALCAMAAABxsOwqAAADAFBMVEUaeqwogrFEkrtTm8Bho8Vvq8t+tNDvfhzznlT0pmKMvNWaxNqpzd+31eX3vo35zqnF3erU5u\/i7vTw9vn+9vD\/\/\/\/8A\/sAAAD\/\/\/8AAAAAAAAAAAAAAAAAAAAAAAAAAAAAAAAAAAAAAAAAAAAAAAAAAAAAAAAAAAAAAAAAAAAAAAAAAAAAAAAAAAAAAAAAAAAAAAAAAAAAAAAAAAAAAAAAAAAAAAAAAAAAAAAAAAAAAAAAAAAAAAAAAAAAAAAAAAAAAAAAAAAAAAAAAAAAAAAAAAAAAAAAAAAAAAAAAAAAAAAAAAAAAAAAAAAAAAAAAAAAAAAAAAAAAAAAAAAAAAAAAAAAAAAAAAAAAAAAAAAAAAAAAAAAAAAAAAAAAAAAAAAAAAAAAAAAAAAAAAAAAAAAAAAAAAAAAAAAAAAAAAAAAAAAAAAAAAAAAAAAAAAAAAAAAAAAAAAAAAAAAAAAAAAAAAAAAAAAAAAAAAAAAAAAAAAAAAAAAAAAAAAAAAAAAAAAAAAAAAAAAAAAAAAAAAAAAAAAAAAAAAAAAAAAAAAAAAAAAAAAAAAAAAAAAAAAAAAAAAAAAAAAAAAAAAAAAAAAAAAAAAAAAAAAAAAAAAAAAAAAAAAAAAAAAAAAAAAAAAAAAAAAAAAAAAAAAAAAAAAAAAAAAAAAAAAAAAAAAAAAAAAAAAAAAAAAAAAAAAAAAAAAAAAAAAAAAAAAAAAAAAAAAAAAAAAAAAAAAAAAAAAAAAAAAAAAAAAAAAAAAAAAAAAAAAAAAAAAAAAAAAAAAAAAAAAAAAAAAAAAAAAAAAAAAAAAAAAAAAAAAAAAAAAAAAAAAAAAAAAAAAAAAAAAAAAAAAAAAAAAAAAAAAAAAAAAAAAAAAAAAAAAAAAAAAAAAAAAAAAAAAAAAAAAAAAAAAAAAAAAAAAAAAAAAAAAAAAAAAAAAAAAAAAAAAAAAAAAAAAAAAAAAAAAAAAAAAAAAAAAAAAAAAAAAAAAAAAAAAAAAAAAAAAAAAAAAAAAAAAAAAApYNGNAAAAF3RSTlP\/\/\/\/\/\/\/\/\/\/\/\/\/\/\/\/\/\/\/\/\/\/\/\/\/\/\/\/\/AOZA5l4AAABaSURBVHicFY1BAoQgDAPTCq2yrhY0\/f9ThTlkchvkpMdaZDYBxNatsAiDJk4EJ4GGUni73yyKrXF339mAzXi4HzSByfNe1\/tIxRAd5FB0ZBeoQv4rkafV39QHRLIFJRGGWm8AAAAASUVORK5CYII=\" width=\"10\" height=\"11\" name=\"Image15\" align=\"bottom\" border=\"0\" \/><\/p>\n<h2>D\u00e9clarer sa TVA<\/h2>\n<p>Vos op\u00e9rations supportent la TVA ?<\/p>\n<p>Si vous relevez du r\u00e9gime :<\/p>\n<ul>\n<li><strong>r\u00e9el normal d&rsquo;imposition (RN)<\/strong>, vous devez commencer \u00e0 reverser la TVA d\u00e8s le d\u00e9but de votre activit\u00e9. Pour cela, vous devez t\u00e9l\u00e9transmettre chaque mois une d\u00e9claration (CA3).Cette d\u00e9claration se fait au cours du mois qui suit celui de vos op\u00e9rations taxables<\/li>\n<li><strong>simplifi\u00e9 (RSI)<\/strong>, vous ne t\u00e9l\u00e9transmettez qu&rsquo;une seule d\u00e9claration (CA12) pour toutes les op\u00e9rations taxables de votre premi\u00e8re ann\u00e9e d&rsquo;activit\u00e9.<br \/>\nElle doit \u00eatre transmise en ligne jusqu\u2019\u00e0 une date fix\u00e9e par d\u00e9cret et au plus tard le 2\u00e8me jour ouvr\u00e9 qui suit le 1er mai, soit le\u00a03 mai 2016 pour les d\u00e9clarations d\u00e9pos\u00e9es en 2016.<em>Attention :<\/em> vous devez \u00e9galement payer en ligne chaque semestre (au mois de juillet et de d\u00e9cembre) un acompte de TVA. La premi\u00e8re ann\u00e9e, le montant de vos acomptes est d\u00e9termin\u00e9 par vos soins. Chacun doit repr\u00e9senter au moins 80\u00a0% de l&rsquo;imp\u00f4t r\u00e9ellement d\u00fb pour le semestre correspondant. Les acomptes sont ensuite calcul\u00e9s \u00e0 partir de la taxe due au titre de l&rsquo;exercice pr\u00e9c\u00e9dent, 55\u00a0% en juillet et 40\u00a0% en d\u00e9cembre..<\/li>\n<li><strong>simplifi\u00e9 agricole (RSA)<\/strong>, vous ne d\u00e9posez de fa\u00e7on d\u00e9mat\u00e9rialis\u00e9e qu\u2019une seule d\u00e9claration (CA12A) pour toutes les op\u00e9rations taxables de votre premi\u00e8re ann\u00e9e d\u2019activit\u00e9.<br \/>\nElle doit \u00eatre t\u00e9l\u00e9transmise au plus tard le\u00a0deuxi\u00e8me jour ouvr\u00e9 suivant le 1er\u00a0mai de l\u2019ann\u00e9e suivante. Pour les d\u00e9clarations devant \u00eatre d\u00e9pos\u00e9es en 2016, la date limite de d\u00e9p\u00f4t est fix\u00e9e au\u00a03 mai.<em>Attention :<\/em> vous devez \u00e9galement payer en ligne chaque trimestre un acompte de TVA. La premi\u00e8re ann\u00e9e, le montant de vos acomptes est d\u00e9termin\u00e9 par vos soins. Chaque acompte doit repr\u00e9senter au moins 70 % de l\u2019imp\u00f4t r\u00e9ellement d\u00fb pour le trimestre correspondant.<\/li>\n<li><\/li>\n<\/ul>\n<div id='share-me'><ul class='share-left'><li><a href=\"http:\/\/www.facebook.com\/sharer.php?u=https:\/\/eloge.net\/index.php\/juridique-fiscalite\/obligations-fiscales-1ere-annee\/&t=Obligations+Fiscales+1%C3%A8re+ann%C3%A9e\" alt=\"Share on Facebook\" title=\"Share on Facebook\"   onclick=\"return smWindowpop(this.href,545,433)\"><img alt = \"\" src = \"https:\/\/eloge.net\/wp-content\/plugins\/share-me\/\/assets\/images\/simple\/facebook.png\"  height=\"32px\"  width=\"32px\"><\/a><\/li><li><a href=\"https:\/\/plusone.google.com\/_\/+1\/confirm?hl=fr-FR&url=https:\/\/eloge.net\/index.php\/juridique-fiscalite\/obligations-fiscales-1ere-annee\/\" alt=\"Share on Google+\" title=\"Share on Google+\"  target=\"_blank\" onclick=\"return smWindowpop(this.href,545,433)\"><img alt = \"\" src = \"https:\/\/eloge.net\/wp-content\/plugins\/share-me\/\/assets\/images\/simple\/googleplus.png\"  height=\"32px\"  width=\"32px\"><\/a><\/li><li><a href=\"http:\/\/www.linkedin.com\/shareArticle?mini=true&url=https:\/\/eloge.net\/index.php\/juridique-fiscalite\/obligations-fiscales-1ere-annee\/&title=Obligations+Fiscales+1%C3%A8re+ann%C3%A9e&source=E-loge\" onclick=\"return smWindowpop(this.href, 545,433)\"><img alt = \"\" src = \"https:\/\/eloge.net\/wp-content\/plugins\/share-me\/\/assets\/images\/simple\/linkedin.png\"  height=\"32px\"  width=\"32px\"><\/a><\/li><\/ul><\/div><br\/>","protected":false},"excerpt":{"rendered":"<p>Pour en savoir plus, consultez le site des Imp\u00f4ts Quelles obligations fiscales pour l&rsquo;ann\u00e9e de cr\u00e9ation ? D\u00e9couvrez les premi\u00e8res d\u00e9clarations \u00e0 d\u00e9poser pour vos principaux imp\u00f4ts professionnels. La d\u00e9claration des premiers b\u00e9n\u00e9fices Les entreprises relevant d&rsquo;un r\u00e9gime r\u00e9el d&rsquo;imposition (normal ou simplifi\u00e9) sont tenues de souscrire une d\u00e9claration professionnelle &hellip; <a class=\"continue-reading-link\" href=\"https:\/\/eloge.net\/index.php\/juridique-fiscalite\/obligations-fiscales-1ere-annee\/\"> Continue reading <span class=\"meta-nav\">&rarr; <\/span><\/a><\/p>\n","protected":false},"author":1,"featured_media":0,"parent":21,"menu_order":0,"comment_status":"closed","ping_status":"closed","template":"template-twocolumns-right.php","meta":[],"_links":{"self":[{"href":"https:\/\/eloge.net\/index.php\/wp-json\/wp\/v2\/pages\/669"}],"collection":[{"href":"https:\/\/eloge.net\/index.php\/wp-json\/wp\/v2\/pages"}],"about":[{"href":"https:\/\/eloge.net\/index.php\/wp-json\/wp\/v2\/types\/page"}],"author":[{"embeddable":true,"href":"https:\/\/eloge.net\/index.php\/wp-json\/wp\/v2\/users\/1"}],"replies":[{"embeddable":true,"href":"https:\/\/eloge.net\/index.php\/wp-json\/wp\/v2\/comments?post=669"}],"version-history":[{"count":3,"href":"https:\/\/eloge.net\/index.php\/wp-json\/wp\/v2\/pages\/669\/revisions"}],"predecessor-version":[{"id":947,"href":"https:\/\/eloge.net\/index.php\/wp-json\/wp\/v2\/pages\/669\/revisions\/947"}],"up":[{"embeddable":true,"href":"https:\/\/eloge.net\/index.php\/wp-json\/wp\/v2\/pages\/21"}],"wp:attachment":[{"href":"https:\/\/eloge.net\/index.php\/wp-json\/wp\/v2\/media?parent=669"}],"curies":[{"name":"wp","href":"https:\/\/api.w.org\/{rel}","templated":true}]}}